{"id":12370,"date":"2026-05-04T11:32:14","date_gmt":"2026-05-04T15:32:14","guid":{"rendered":"https:\/\/www.militarychile.cl\/?post_type=product&#038;p=12370"},"modified":"2026-05-04T11:32:15","modified_gmt":"2026-05-04T15:32:15","slug":"rifle-acutac-a1-b-5-5-synt","status":"publish","type":"product","link":"https:\/\/www.militarychile.cl\/?product=rifle-acutac-a1-b-5-5-synt","title":{"rendered":"RIFLE ACUTAC A1-B 5.5 SYNT"},"content":{"rendered":"<ul>\n<li>Excelente precisi\u00f3n<\/li>\n<li>Carrilla ajustable y cantonera de goma<\/li>\n<li>Calibre 5.5<\/li>\n<li>Bombona de aire de 500cc<\/li>\n<li>Gatillo de competici\u00f3n<\/li>\n<li>Regulador integrado<\/li>\n<li>Ca\u00f1on compl\u00f1etamente blindado con roscas de 1\/2&#215;20<\/li>\n<li>Ajuste de potencia\u00a0 H y L<\/li>\n<li>Acci\u00f3n de palanca lateral<\/li>\n<li>Incluye cargador y bandeja monotiro<\/li>\n<li>283 m\/s<\/li>\n<li>3.4 kg<\/li>\n<\/ul>\n","protected":false},"excerpt":{"rendered":"<p>Excelente precisi\u00f3n Carrilla ajustable y cantonera de goma Calibre 5.5 Bombona de aire de 500cc Gatillo de competici\u00f3n Regulador integrado Ca\u00f1on compl\u00f1etamente blindado con roscas de 1\/2&#215;20 Ajuste de potencia\u00a0 H y L Acci\u00f3n de palanca lateral Incluye cargador y bandeja monotiro 283 m\/s 3.4 kg<\/p>\n","protected":false},"featured_media":12371,"template":"","meta":{"_et_pb_use_builder":"","_et_pb_old_content":"","_et_gb_content_width":""},"product_cat":[210,246],"product_tag":[],"class_list":{"0":"post-12370","1":"product","2":"type-product","3":"status-publish","4":"has-post-thumbnail","6":"product_cat-caza","7":"product_cat-rifles-pcp","9":"first","10":"instock","11":"shipping-taxable","12":"purchasable","13":"product-type-simple"},"_links":{"self":[{"href":"https:\/\/www.militarychile.cl\/index.php?rest_route=\/wp\/v2\/product\/12370"}],"collection":[{"href":"https:\/\/www.militarychile.cl\/index.php?rest_route=\/wp\/v2\/product"}],"about":[{"href":"https:\/\/www.militarychile.cl\/index.php?rest_route=\/wp\/v2\/types\/product"}],"wp:featuredmedia":[{"embeddable":true,"href":"https:\/\/www.militarychile.cl\/index.php?rest_route=\/wp\/v2\/media\/12371"}],"wp:attachment":[{"href":"https:\/\/www.militarychile.cl\/index.php?rest_route=%2Fwp%2Fv2%2Fmedia&parent=12370"}],"wp:term":[{"taxonomy":"product_cat","embeddable":true,"href":"https:\/\/www.militarychile.cl\/index.php?rest_route=%2Fwp%2Fv2%2Fproduct_cat&post=12370"},{"taxonomy":"product_tag","embeddable":true,"href":"https:\/\/www.militarychile.cl\/index.php?rest_route=%2Fwp%2Fv2%2Fproduct_tag&post=12370"}],"curies":[{"name":"wp","href":"https:\/\/api.w.org\/{rel}","templated":true}]}}