{"id":4931,"date":"2022-04-18T10:20:54","date_gmt":"2022-04-18T14:20:54","guid":{"rendered":"https:\/\/www.militarychile.cl\/?post_type=product&#038;p=4931"},"modified":"2024-12-02T00:00:15","modified_gmt":"2024-12-02T03:00:15","slug":"carpa-iglu-nautika-koala-2","status":"publish","type":"product","link":"https:\/\/www.militarychile.cl\/?product=carpa-iglu-nautika-koala-2","title":{"rendered":"Carpa Igl\u00fa Nautika Koala 2"},"content":{"rendered":"<div class=\"nav\">\n<ul>\n<li class=\"active\">DESCRIPCI\u00d3N<\/li>\n<\/ul>\n<\/div>\n<div class=\"descripciones\">\n<div class=\"descrp active DE\">\n<p>La Carpa Koala 2 de Nautika es una carpa liviana y compacta con un sencillo sistema de armado. Esta carpa con capacidad para 2 personas y de 2 estaciones es ideal para uso en climas secos. No se recomienda su uso en zonas lluviosas.<\/p>\n<p><strong>Caracter\u00edsticas Generales:<\/strong><\/p>\n<ul>\n<li>Capacidad: 2 personas<\/li>\n<li>Estaciones: 2 Peso: 1.6 kg<\/li>\n<li>Dimensiones carpa armada: largo 2,05 cms, ancho 1,40 cms, alto 1,20 cms<\/li>\n<li>Dimensiones embalaje:<\/li>\n<\/ul>\n<p><strong>Caracter\u00edsticas Materiales:<\/strong><\/p>\n<ul>\n<li>Techo: poli\u00e9ster impermeabilizado con Poliuretano de 1000 mm de columna de agua, con retardante de fuego CPAI-84.<\/li>\n<li>Malla: tela mosquitero poli\u00e9ster (NO-SEE-UM) s\u00faper delgada que impide el ingreso de insectos y mosquitos peque\u00f1os.<\/li>\n<li>Estructura: varillas de fibra de vidrio de mayor di\u00e1metro, interconectadas por el\u00e1stico interno y fabricadas con material 100% virgen con sistema NANO-FIBER.<\/li>\n<li>Piso: poliester Oxford de alta resistencia y densidad, tratamiento anti hongos.<\/li>\n<\/ul>\n<\/div>\n<\/div>\n","protected":false},"excerpt":{"rendered":"<p>DESCRIPCI\u00d3N La Carpa Koala 2 de Nautika es una carpa liviana y compacta con un sencillo sistema de armado. Esta carpa con capacidad para 2 personas y de 2 estaciones es ideal para uso en climas secos. No se recomienda su uso en zonas lluviosas. Caracter\u00edsticas Generales: Capacidad: 2 personas Estaciones: 2 Peso: 1.6 kg [&hellip;]<\/p>\n","protected":false},"featured_media":4933,"template":"","meta":{"_et_pb_use_builder":"","_et_pb_old_content":"","_et_gb_content_width":""},"product_cat":[481],"product_tag":[500,501],"class_list":{"0":"post-4931","1":"product","2":"type-product","3":"status-publish","4":"has-post-thumbnail","6":"product_cat-carpas","7":"product_tag-carpa-3-personas","8":"product_tag-carpa-3p","10":"first","11":"instock","12":"shipping-taxable","13":"purchasable","14":"product-type-simple"},"_links":{"self":[{"href":"https:\/\/www.militarychile.cl\/index.php?rest_route=\/wp\/v2\/product\/4931"}],"collection":[{"href":"https:\/\/www.militarychile.cl\/index.php?rest_route=\/wp\/v2\/product"}],"about":[{"href":"https:\/\/www.militarychile.cl\/index.php?rest_route=\/wp\/v2\/types\/product"}],"wp:featuredmedia":[{"embeddable":true,"href":"https:\/\/www.militarychile.cl\/index.php?rest_route=\/wp\/v2\/media\/4933"}],"wp:attachment":[{"href":"https:\/\/www.militarychile.cl\/index.php?rest_route=%2Fwp%2Fv2%2Fmedia&parent=4931"}],"wp:term":[{"taxonomy":"product_cat","embeddable":true,"href":"https:\/\/www.militarychile.cl\/index.php?rest_route=%2Fwp%2Fv2%2Fproduct_cat&post=4931"},{"taxonomy":"product_tag","embeddable":true,"href":"https:\/\/www.militarychile.cl\/index.php?rest_route=%2Fwp%2Fv2%2Fproduct_tag&post=4931"}],"curies":[{"name":"wp","href":"https:\/\/api.w.org\/{rel}","templated":true}]}}