{"id":4952,"date":"2022-05-06T15:55:45","date_gmt":"2022-05-06T19:55:45","guid":{"rendered":"https:\/\/www.militarychile.cl\/?post_type=product&#038;p=4952"},"modified":"2024-06-14T12:59:51","modified_gmt":"2024-06-14T16:59:51","slug":"beeman-under-lever-5-5","status":"publish","type":"product","link":"https:\/\/www.militarychile.cl\/?product=beeman-under-lever-5-5","title":{"rendered":"BEEMAN UNDER LEVER 5.5"},"content":{"rendered":"<p><strong>CARACTERISTICAS :\u00a0<\/strong><\/p>\n<p>(NO INCLUYE MIRA OPTICA)<\/p>\n<p>Lo que hace que este rifle de aire comprimido sea tan especial es la operaci\u00f3n, que es una palanca que encontrar\u00e1s en la parte inferior del antebrazo.\u00a0Simplemente tire de \u00e9l hacia abajo y hacia atr\u00e1s para amartillar la pistola, luego emp\u00fajelo hacia arriba en la culata para asentar el perdig\u00f3n y cerrar el cerrojo.\u00a0Junto con el dise\u00f1o original, esto significa que lo encontrar\u00e1 r\u00e1pido y f\u00e1cil de amartillar tanto si dispara con la mano izquierda como con la mano derecha.<\/p>\n<p>Aparte de la palanca inferior, una de las primeras cosas que notar\u00e1 es la atractiva culata ambidiestra con orificio para el pulgar en forma de madera europea para hacer que el rifle sea resistente.\u00a0No pesa demasiado, porque es un dise\u00f1o de bullpup, por lo que sigue siendo liviano y corto en comparaci\u00f3n con otros rifles de aire comprimido con niveles similares de potencia y precisi\u00f3n, y no te cansar\u00e1s tanto de llevarlo en un largo d\u00eda en el bosque. o campo.<\/p>\n<p>El rifle de aire tiene un puerto de desconexi\u00f3n r\u00e1pida y un man\u00f3metro integrado en la culata para facilitar el llenado, y una almohadilla de goma para brindarle mayor comodidad y una sujeci\u00f3n estable.<\/p>\n<p><strong>Caracter\u00edsticas de Beeman Under Lever:<\/strong><\/p>\n<ul>\n<li>PCP<\/li>\n<li>Reloj de repetici\u00f3n<\/li>\n<li>Acci\u00f3n underlever<\/li>\n<li>Velocidad m\u00e1xima: 880 fps (.22)<\/li>\n<li>Culata ambidiestra de madera europea<\/li>\n<li>Presi\u00f3n m\u00e1xima de 3000 psi<\/li>\n<li>Capacidad del cargador: 12 rondas (.177), 10 rondas (.22)<\/li>\n<li>Barril envuelto<\/li>\n<li>Man\u00f3metro integrado<\/li>\n<li>Botonera de goma<\/li>\n<li>3 rieles Picatinny para visores y accesorios<\/li>\n<li>Accesorio de llenado de desconexi\u00f3n r\u00e1pida macho<\/li>\n<li>Peso: 7,4 libras.<\/li>\n<li>Largo total: 29.25 \u201c<\/li>\n<li>(NO INCLUYE MIRA OPTICA)<\/li>\n<\/ul>\n","protected":false},"excerpt":{"rendered":"<p>CARACTERISTICAS :\u00a0 (NO INCLUYE MIRA OPTICA) Lo que hace que este rifle de aire comprimido sea tan especial es la operaci\u00f3n, que es una palanca que encontrar\u00e1s en la parte inferior del antebrazo.\u00a0Simplemente tire de \u00e9l hacia abajo y hacia atr\u00e1s para amartillar la pistola, luego emp\u00fajelo hacia arriba en la culata para asentar el [&hellip;]<\/p>\n","protected":false},"featured_media":4954,"template":"","meta":{"_et_pb_use_builder":"","_et_pb_old_content":"","_et_gb_content_width":""},"product_cat":[246],"product_tag":[506,292,508],"class_list":{"0":"post-4952","1":"product","2":"type-product","3":"status-publish","4":"has-post-thumbnail","6":"product_cat-rifles-pcp","7":"product_tag-beeman","8":"product_tag-pcp","9":"product_tag-under-lever","11":"first","12":"outofstock","13":"sale","14":"shipping-taxable","15":"purchasable","16":"product-type-simple"},"_links":{"self":[{"href":"https:\/\/www.militarychile.cl\/index.php?rest_route=\/wp\/v2\/product\/4952"}],"collection":[{"href":"https:\/\/www.militarychile.cl\/index.php?rest_route=\/wp\/v2\/product"}],"about":[{"href":"https:\/\/www.militarychile.cl\/index.php?rest_route=\/wp\/v2\/types\/product"}],"wp:featuredmedia":[{"embeddable":true,"href":"https:\/\/www.militarychile.cl\/index.php?rest_route=\/wp\/v2\/media\/4954"}],"wp:attachment":[{"href":"https:\/\/www.militarychile.cl\/index.php?rest_route=%2Fwp%2Fv2%2Fmedia&parent=4952"}],"wp:term":[{"taxonomy":"product_cat","embeddable":true,"href":"https:\/\/www.militarychile.cl\/index.php?rest_route=%2Fwp%2Fv2%2Fproduct_cat&post=4952"},{"taxonomy":"product_tag","embeddable":true,"href":"https:\/\/www.militarychile.cl\/index.php?rest_route=%2Fwp%2Fv2%2Fproduct_tag&post=4952"}],"curies":[{"name":"wp","href":"https:\/\/api.w.org\/{rel}","templated":true}]}}