{"id":5023,"date":"2022-06-02T15:19:45","date_gmt":"2022-06-02T19:19:45","guid":{"rendered":"https:\/\/www.militarychile.cl\/?post_type=product&#038;p=5023"},"modified":"2022-12-22T17:07:13","modified_gmt":"2022-12-22T20:07:14","slug":"linterna-recargable-nebo-davinci-2000","status":"publish","type":"product","link":"https:\/\/www.militarychile.cl\/?product=linterna-recargable-nebo-davinci-2000","title":{"rendered":"LINTERNA RECARGABLE NEBO DAVINCI 2000"},"content":{"rendered":"<h2>Descripci\u00f3n Nebo tools Linterna Davinci\u2122 2000<\/h2>\n<p class=\"parrafo\"><span id=\"desc\" class=\"addReadMore showlesscontent\">La linterna recargable DAVINCI de 2.000 l\u00famenes de NEBO es una potente linterna de mano con 4 modos de luz y un banco de energ\u00eda incluido para cargar tus dispositivos inteligentes.<\/p>\n<p>El dial de selecci\u00f3n de modo incluido facilita el cambio de modo y el potente LED de esta linterna puede iluminar 259 metros.<\/p>\n<p>La bater\u00eda incluida permite hasta 20 horas de funcionamiento entre cargas.<\/p>\n<p>MODOS DE LUZ:<\/p>\n<p>Alto (2000 l\u00famenes):2 horas &#8211; 259 metros \/ 849 pies.<\/p>\n<p>Media (800 l\u00famenes):5 horas &#8211; 170 metros \/ 557 pies.<\/p>\n<p>Baja (200 l\u00famenes):20 horas &#8211; 97 metros \/ 318 pies.<\/p>\n<p>Estrobosc\u00f3pica (2000 l\u00famenes):2 horas &#8211; 259 metros \/ 849 pies.<\/p>\n<p>DISE\u00d1O:<\/p>\n<p>Totalmente recargable.<\/p>\n<p>Aluminio anodizado de calidad aeron\u00e1utica.<\/p>\n<p>Resistente al agua y al polvo (IP67).<\/p>\n<p>Dial de selecci\u00f3n de modo.<\/p>\n<p>Zoom 4x.<\/p>\n<p>ACCESORIOS INCLUIDOS:<\/p>\n<p>Cable de carga micro-USB.<\/p>\n<p>Cord\u00f3n desmontable.<\/p>\n<p>Bater\u00eda recargable.<\/p>\n<p>FUNCIONAMIENTO:<\/p>\n<p>Un bot\u00f3n de encendido en la parte trasera.<\/p>\n<p>Dial para seleccionar los modos.<\/span><\/p>\n","protected":false},"excerpt":{"rendered":"<p>Descripci\u00f3n Nebo tools Linterna Davinci\u2122 2000 La linterna recargable DAVINCI de 2.000 l\u00famenes de NEBO es una potente linterna de mano con 4 modos de luz y un banco de energ\u00eda incluido para cargar tus dispositivos inteligentes. El dial de selecci\u00f3n de modo incluido facilita el cambio de modo y el potente LED de esta [&hellip;]<\/p>\n","protected":false},"featured_media":5025,"template":"","meta":{"_et_pb_use_builder":"","_et_pb_old_content":"","_et_gb_content_width":""},"product_cat":[80],"product_tag":[529,433,81,429,524],"class_list":{"0":"post-5023","1":"product","2":"type-product","3":"status-publish","4":"has-post-thumbnail","6":"product_cat-linternas","7":"product_tag-davinci-1000","8":"product_tag-led","9":"product_tag-linterna","10":"product_tag-nebo","11":"product_tag-recargable","13":"first","14":"instock","15":"shipping-taxable","16":"purchasable","17":"product-type-simple"},"_links":{"self":[{"href":"https:\/\/www.militarychile.cl\/index.php?rest_route=\/wp\/v2\/product\/5023"}],"collection":[{"href":"https:\/\/www.militarychile.cl\/index.php?rest_route=\/wp\/v2\/product"}],"about":[{"href":"https:\/\/www.militarychile.cl\/index.php?rest_route=\/wp\/v2\/types\/product"}],"wp:featuredmedia":[{"embeddable":true,"href":"https:\/\/www.militarychile.cl\/index.php?rest_route=\/wp\/v2\/media\/5025"}],"wp:attachment":[{"href":"https:\/\/www.militarychile.cl\/index.php?rest_route=%2Fwp%2Fv2%2Fmedia&parent=5023"}],"wp:term":[{"taxonomy":"product_cat","embeddable":true,"href":"https:\/\/www.militarychile.cl\/index.php?rest_route=%2Fwp%2Fv2%2Fproduct_cat&post=5023"},{"taxonomy":"product_tag","embeddable":true,"href":"https:\/\/www.militarychile.cl\/index.php?rest_route=%2Fwp%2Fv2%2Fproduct_tag&post=5023"}],"curies":[{"name":"wp","href":"https:\/\/api.w.org\/{rel}","templated":true}]}}