{"id":5645,"date":"2022-11-23T17:08:52","date_gmt":"2022-11-23T20:08:52","guid":{"rendered":"https:\/\/www.militarychile.cl\/?post_type=product&#038;p=5645"},"modified":"2025-12-26T11:15:19","modified_gmt":"2025-12-26T14:15:19","slug":"carrete-hart-meridian-low","status":"publish","type":"product","link":"https:\/\/www.militarychile.cl\/?product=carrete-hart-meridian-low","title":{"rendered":"CARRETE HART MERIDIAN LOW"},"content":{"rendered":"<p>DESCRIPCI\u00d3N<\/p>\n<p>Carrete de casting con una excelente relaci\u00f3n calidad precio. Cuerpo de aluminio de una pieza con brazo de soporte incorporado y placas laterales de grafito extra fuertes. Bobina mecanizada en aluminio de alta capacidad con multiperforaciones. Cojinetes de acero inoxidable Estrella de arrastre de microclic para ajustes de arrastre extremadamente precisos. Sistema ajustable de 25 puntos para control de lanzamiento magn\u00e9tico. Tecnolog\u00eda de 8 rodamientos: 1 rodamiento antirretroceso infinito y 7 rodamientos de acero inoxidable. Engranajes y ejes de acero inoxidable de alta calidad. Mango de metal robusto. Empu\u00f1aduras planas s\u00faper ergon\u00f3micas para mayor comodidad y transferencia de potencia durante la recuperaci\u00f3n. Puerto de acceso en la placa lateral para cambios r\u00e1pidos de carrete.lateral.<\/p>\n","protected":false},"excerpt":{"rendered":"<p>DESCRIPCI\u00d3N Carrete de casting con una excelente relaci\u00f3n calidad precio. Cuerpo de aluminio de una pieza con brazo de soporte incorporado y placas laterales de grafito extra fuertes. Bobina mecanizada en aluminio de alta capacidad con multiperforaciones. Cojinetes de acero inoxidable Estrella de arrastre de microclic para ajustes de arrastre extremadamente precisos. Sistema ajustable de [&hellip;]<\/p>\n","protected":false},"featured_media":5646,"template":"","meta":{"_et_pb_use_builder":"","_et_pb_old_content":"","_et_gb_content_width":""},"product_cat":[249],"product_tag":[250,656,657,193],"class_list":{"0":"post-5645","1":"product","2":"type-product","3":"status-publish","4":"has-post-thumbnail","6":"product_cat-carretes","7":"product_tag-carrete","8":"product_tag-carrete-by-cast","9":"product_tag-cast","10":"product_tag-pesca","12":"first","13":"outofstock","14":"shipping-taxable","15":"purchasable","16":"product-type-simple"},"_links":{"self":[{"href":"https:\/\/www.militarychile.cl\/index.php?rest_route=\/wp\/v2\/product\/5645"}],"collection":[{"href":"https:\/\/www.militarychile.cl\/index.php?rest_route=\/wp\/v2\/product"}],"about":[{"href":"https:\/\/www.militarychile.cl\/index.php?rest_route=\/wp\/v2\/types\/product"}],"wp:featuredmedia":[{"embeddable":true,"href":"https:\/\/www.militarychile.cl\/index.php?rest_route=\/wp\/v2\/media\/5646"}],"wp:attachment":[{"href":"https:\/\/www.militarychile.cl\/index.php?rest_route=%2Fwp%2Fv2%2Fmedia&parent=5645"}],"wp:term":[{"taxonomy":"product_cat","embeddable":true,"href":"https:\/\/www.militarychile.cl\/index.php?rest_route=%2Fwp%2Fv2%2Fproduct_cat&post=5645"},{"taxonomy":"product_tag","embeddable":true,"href":"https:\/\/www.militarychile.cl\/index.php?rest_route=%2Fwp%2Fv2%2Fproduct_tag&post=5645"}],"curies":[{"name":"wp","href":"https:\/\/api.w.org\/{rel}","templated":true}]}}