{"id":5661,"date":"2022-11-24T10:28:19","date_gmt":"2022-11-24T13:28:19","guid":{"rendered":"https:\/\/www.militarychile.cl\/?post_type=product&#038;p=5661"},"modified":"2026-03-16T14:01:24","modified_gmt":"2026-03-16T17:01:24","slug":"carrete-hart-zemtax-2000","status":"publish","type":"product","link":"https:\/\/www.militarychile.cl\/?product=carrete-hart-zemtax-2000","title":{"rendered":"CARRETE HART ZEMTAX 2000"},"content":{"rendered":"<div class=\"dt-descripcion2 control-colapse\" data-toggle=\"collapse\" data-target=\"#demo\">\n<h2>Descripci\u00f3n\u00a0<span class=\"nombre_prod_desc\">Hart Carrete Spinning Zemtax<\/span><\/h2>\n<\/div>\n<div id=\"demo0\" class=\"txt_programa \">\n<p class=\"parrafo\"><span id=\"desc\" class=\"addReadMore showlesscontent\">Carrete de \u00faltima tecnolog\u00eda en grafito ultra-ligero especial spinning. Cuerpo de grafito sellado. Rotor en grafito con dise\u00f1o ergon\u00f3mico para reducir su peso manteniendo su resistencia. Maquinaria interna fabricada en aluminio forjado en fr\u00edo de alta durabilidad, con corte micromodular de pi\u00f1\u00f3n y corona para aumentar la suavidad y eficiencia de su engranaje. Eje principal super-reforzado para evitar torsiones en acci\u00f3n de combate. Bobina de alta resistencia, customizada en aluminio con multiperforaciones. Manivela mecanizada en aluminio. Pomo de combate ergon\u00f3mico de EVA. Pick-up extra grueso con gu\u00eda-hilos sobredimensionado integrado. 6 rodamientos de alta calidad: 5 de bolas en inoxidable y 1 de anti-retro infinito continuo. Freno con discos de carbono cruzado para aumentar su agarre y acero inoxidable potente y preciso.<\/span><\/p>\n<p>Especificaciones:<\/p>\n<p>&#8211; Potencia de freno: 10 kg (800),12 kg (2000), 15 kg (4000).<\/p>\n<\/div>\n","protected":false},"excerpt":{"rendered":"<p>Descripci\u00f3n\u00a0Hart Carrete Spinning Zemtax Carrete de \u00faltima tecnolog\u00eda en grafito ultra-ligero especial spinning. Cuerpo de grafito sellado. Rotor en grafito con dise\u00f1o ergon\u00f3mico para reducir su peso manteniendo su resistencia. Maquinaria interna fabricada en aluminio forjado en fr\u00edo de alta durabilidad, con corte micromodular de pi\u00f1\u00f3n y corona para aumentar la suavidad y eficiencia de [&hellip;]<\/p>\n","protected":false},"featured_media":5664,"template":"","meta":{"_et_pb_use_builder":"","_et_pb_old_content":"","_et_gb_content_width":""},"product_cat":[1091,1092,249],"product_tag":[250,658,193],"class_list":{"0":"post-5661","1":"product","2":"type-product","3":"status-publish","4":"has-post-thumbnail","6":"product_cat-carrete-mar","7":"product_cat-carrete-rio-lago","8":"product_cat-carretes","9":"product_tag-carrete","10":"product_tag-hart","11":"product_tag-pesca","13":"first","14":"outofstock","15":"sale","16":"shipping-taxable","17":"purchasable","18":"product-type-simple"},"_links":{"self":[{"href":"https:\/\/www.militarychile.cl\/index.php?rest_route=\/wp\/v2\/product\/5661"}],"collection":[{"href":"https:\/\/www.militarychile.cl\/index.php?rest_route=\/wp\/v2\/product"}],"about":[{"href":"https:\/\/www.militarychile.cl\/index.php?rest_route=\/wp\/v2\/types\/product"}],"wp:featuredmedia":[{"embeddable":true,"href":"https:\/\/www.militarychile.cl\/index.php?rest_route=\/wp\/v2\/media\/5664"}],"wp:attachment":[{"href":"https:\/\/www.militarychile.cl\/index.php?rest_route=%2Fwp%2Fv2%2Fmedia&parent=5661"}],"wp:term":[{"taxonomy":"product_cat","embeddable":true,"href":"https:\/\/www.militarychile.cl\/index.php?rest_route=%2Fwp%2Fv2%2Fproduct_cat&post=5661"},{"taxonomy":"product_tag","embeddable":true,"href":"https:\/\/www.militarychile.cl\/index.php?rest_route=%2Fwp%2Fv2%2Fproduct_tag&post=5661"}],"curies":[{"name":"wp","href":"https:\/\/api.w.org\/{rel}","templated":true}]}}