{"id":5705,"date":"2022-11-29T18:21:28","date_gmt":"2022-11-29T21:21:28","guid":{"rendered":"https:\/\/www.militarychile.cl\/?post_type=product&#038;p=5705"},"modified":"2024-02-21T17:24:20","modified_gmt":"2024-02-21T20:24:20","slug":"senuelo-nbl9904-nsb308","status":"publish","type":"product","link":"https:\/\/www.militarychile.cl\/?product=senuelo-nbl9904-nsb308","title":{"rendered":"SE\u00d1UELO NBL9904 NSB308"},"content":{"rendered":"<p>\u25cf Dise\u00f1o de labios de acero inoxidable de alta intensidad<\/p>\n<p>\u25cf El buen peso dentro del NBL9904 permite que el cebo se sumerja a una profundidad de 6 a 8 metros y mantenga una postura de nataci\u00f3n estable<\/p>\n<p>\u25cf Puede corresponder no solo a la rapidez sino tambi\u00e9n a la lentitud, y tiene una alta estabilidad y versatilidad desde el trolling del juego nocturno hasta la recuperaci\u00f3n ultrarr\u00e1pida del juego diurno y contracciones y sacudidas. Es ampliamente utilizado en agua salada y es tambi\u00e9n apto para curric\u00e1n en el mar<\/p>\n<p>[Modelo] 9904<\/p>\n<p>[Longitud] 130 mm \/ 185 mm \/ 225 mm<\/p>\n<p>[Peso] 32,5 g \/ 60 g \/ 76 g<\/p>\n<p>[Acci\u00f3n] Flotante<\/p>\n<p>[Profundidad] 0-5m \/ 5-6m \/ 6-8m<\/p>\n","protected":false},"excerpt":{"rendered":"<p>\u25cf Dise\u00f1o de labios de acero inoxidable de alta intensidad \u25cf El buen peso dentro del NBL9904 permite que el cebo se sumerja a una profundidad de 6 a 8 metros y mantenga una postura de nataci\u00f3n estable \u25cf Puede corresponder no solo a la rapidez sino tambi\u00e9n a la lentitud, y tiene una alta [&hellip;]<\/p>\n","protected":false},"featured_media":5693,"template":"","meta":{"_et_pb_use_builder":"","_et_pb_old_content":"","_et_gb_content_width":""},"product_cat":[898,335,1093],"product_tag":[663,664,665,193,652],"class_list":{"0":"post-5705","1":"product","2":"type-product","3":"status-publish","4":"has-post-thumbnail","6":"product_cat-agua-salada","7":"product_cat-senuelos","8":"product_cat-trolling","9":"product_tag-kayak","10":"product_tag-mar","11":"product_tag-noeby","12":"product_tag-pesca","13":"product_tag-senuelo","15":"first","16":"instock","17":"shipping-taxable","18":"purchasable","19":"product-type-simple"},"_links":{"self":[{"href":"https:\/\/www.militarychile.cl\/index.php?rest_route=\/wp\/v2\/product\/5705"}],"collection":[{"href":"https:\/\/www.militarychile.cl\/index.php?rest_route=\/wp\/v2\/product"}],"about":[{"href":"https:\/\/www.militarychile.cl\/index.php?rest_route=\/wp\/v2\/types\/product"}],"wp:featuredmedia":[{"embeddable":true,"href":"https:\/\/www.militarychile.cl\/index.php?rest_route=\/wp\/v2\/media\/5693"}],"wp:attachment":[{"href":"https:\/\/www.militarychile.cl\/index.php?rest_route=%2Fwp%2Fv2%2Fmedia&parent=5705"}],"wp:term":[{"taxonomy":"product_cat","embeddable":true,"href":"https:\/\/www.militarychile.cl\/index.php?rest_route=%2Fwp%2Fv2%2Fproduct_cat&post=5705"},{"taxonomy":"product_tag","embeddable":true,"href":"https:\/\/www.militarychile.cl\/index.php?rest_route=%2Fwp%2Fv2%2Fproduct_tag&post=5705"}],"curies":[{"name":"wp","href":"https:\/\/api.w.org\/{rel}","templated":true}]}}