{"id":6021,"date":"2023-01-30T15:14:13","date_gmt":"2023-01-30T18:14:13","guid":{"rendered":"https:\/\/www.militarychile.cl\/?post_type=product&#038;p=6021"},"modified":"2023-09-11T14:05:41","modified_gmt":"2023-09-11T17:05:41","slug":"cana-cinnetic-crafty-sea-bass-270m","status":"publish","type":"product","link":"https:\/\/www.militarychile.cl\/?product=cana-cinnetic-crafty-sea-bass-270m","title":{"rendered":"CA\u00d1A CINNETIC CRAFTY SEA BASS 270M"},"content":{"rendered":"<p><strong>FICHA T\u00c9CNICA:<\/strong><\/p>\n<ul>\n<li>Blank de Fibra de Carbono de 30 tons<\/li>\n<li>Longitud 2.70 m (9 pies)<\/li>\n<li>Rango de acci\u00f3n 15-42 g<\/li>\n<li>Tipo de acci\u00f3n regular \u2013 r\u00e1pida<\/li>\n<li>Anillas 7+1 (Tip guide) MNOG FUJI\u00ae de acero inoxidable y cer\u00e1mica Alconite FUJI\u00ae<\/li>\n<li>Porta-carrete FUJI\u00ae VSS\/DPS de acero inoxidable<\/li>\n<li>Peso de se\u00f1uelo recomendado 35 g<\/li>\n<li>Tama\u00f1o en transporte 141 cm<\/li>\n<li>Secciones 2 piezas<\/li>\n<li>Peso 185 g<\/li>\n<\/ul>\n","protected":false},"excerpt":{"rendered":"<p>FICHA T\u00c9CNICA: Blank de Fibra de Carbono de 30 tons Longitud 2.70 m (9 pies) Rango de acci\u00f3n 15-42 g Tipo de acci\u00f3n regular \u2013 r\u00e1pida Anillas 7+1 (Tip guide) MNOG FUJI\u00ae de acero inoxidable y cer\u00e1mica Alconite FUJI\u00ae Porta-carrete FUJI\u00ae VSS\/DPS de acero inoxidable Peso de se\u00f1uelo recomendado 35 g Tama\u00f1o en transporte 141 [&hellip;]<\/p>\n","protected":false},"featured_media":6025,"template":"","meta":{"_et_pb_use_builder":"","_et_pb_old_content":"","_et_gb_content_width":""},"product_cat":[253,1026,248],"product_tag":[],"class_list":{"0":"post-6021","1":"product","2":"type-product","3":"status-publish","4":"has-post-thumbnail","6":"product_cat-canas","7":"product_cat-canas-mar","8":"product_cat-pesca","10":"first","11":"instock","12":"shipping-taxable","13":"purchasable","14":"product-type-simple"},"_links":{"self":[{"href":"https:\/\/www.militarychile.cl\/index.php?rest_route=\/wp\/v2\/product\/6021"}],"collection":[{"href":"https:\/\/www.militarychile.cl\/index.php?rest_route=\/wp\/v2\/product"}],"about":[{"href":"https:\/\/www.militarychile.cl\/index.php?rest_route=\/wp\/v2\/types\/product"}],"wp:featuredmedia":[{"embeddable":true,"href":"https:\/\/www.militarychile.cl\/index.php?rest_route=\/wp\/v2\/media\/6025"}],"wp:attachment":[{"href":"https:\/\/www.militarychile.cl\/index.php?rest_route=%2Fwp%2Fv2%2Fmedia&parent=6021"}],"wp:term":[{"taxonomy":"product_cat","embeddable":true,"href":"https:\/\/www.militarychile.cl\/index.php?rest_route=%2Fwp%2Fv2%2Fproduct_cat&post=6021"},{"taxonomy":"product_tag","embeddable":true,"href":"https:\/\/www.militarychile.cl\/index.php?rest_route=%2Fwp%2Fv2%2Fproduct_tag&post=6021"}],"curies":[{"name":"wp","href":"https:\/\/api.w.org\/{rel}","templated":true}]}}