{"id":6275,"date":"2023-03-21T16:40:59","date_gmt":"2023-03-21T19:40:59","guid":{"rendered":"https:\/\/www.militarychile.cl\/?post_type=product&#038;p=6275"},"modified":"2025-12-10T10:47:23","modified_gmt":"2025-12-10T13:47:23","slug":"rifle-pcp-caiman-x-cal-55mm-forest-wood-laminated","status":"publish","type":"product","link":"https:\/\/www.militarychile.cl\/?product=rifle-pcp-caiman-x-cal-55mm-forest-wood-laminated","title":{"rendered":"Caiman-X cal. 5,5mm Forest Wood Laminated"},"content":{"rendered":"<p><b>La ligera y c\u00f3moda carabina de aire comprimido CAIMAN X tiene un dise\u00f1o extraordinario. La culata de madera tiene una empu\u00f1adura ergon\u00f3mica y ambidiestra, cantonera ajustable en altura y un ra\u00edl UIT (para montaje de accesorios). La palanca lateral de f\u00e1cil cierre est\u00e1 c\u00f3modamente situada cerca del gatillo con posibilidad de cambiar el lado derecho-izquierdo. El gatillo tiene un ajuste de 2 etapas.<\/b><\/p>\n<p><b>La principal diferencia en CAIMAN es un ca\u00f1\u00f3n m\u00e1s largo (520 mm) y un cilindro de aire con m\u00e1s capacidad, lo que permite realizar m\u00e1s disparos.<\/b><\/p>\n<ul>\n<li><b>Calibre: Cal. .22\/5,5mm1990000<\/b><\/li>\n<li><b>Caracteristicas adicionales: Madera Forest Laminado, Ca\u00f1on de 52 cm, Supresor de aire incorporado<\/b><\/li>\n<\/ul>\n<p><iframe loading=\"lazy\" title=\"RIFLE PCP CAIMAN 5,5 DE AIRMAKS. MILITARY STORE\" width=\"1080\" height=\"810\" src=\"https:\/\/www.youtube.com\/embed\/tkp7JX8zSlI?feature=oembed\"  allow=\"accelerometer; autoplay; clipboard-write; encrypted-media; gyroscope; picture-in-picture; web-share\" referrerpolicy=\"strict-origin-when-cross-origin\" allowfullscreen><\/iframe><\/p>\n<ul>\n<li>-Calibre: 5,5 (.22)<br \/>\n-Largo:\u00a0 695 mil\u00edmetros<br \/>\n-Peso:\u00a03,05 kilogramos<br \/>\n-Longitud del ca\u00f1\u00f3n CZ (giro): 520 mm (1 \/ 17,7), estrangulado<br \/>\n-Capacidad del cilindro de aire (presi\u00f3n m\u00e1xima): 285 cc (300 bares)<br \/>\n-Cargador: 5,5 (.22) 10 disparos<\/p>\n<p><strong>INFORMACI\u00d3N ADICIONAL<\/strong><\/p>\n<p>-Culata Madera, Madera pintada, Madera laminada \u2013 Polimero<br \/>\n-Almohadilla de tope ajustable en altura<br \/>\n-Riel UIT (riel en T)<br \/>\n-Agarre ambidiestro<br \/>\n-Acci\u00f3n de palanca lateral, derecha-izquierda cambiable<br \/>\n-Seguro Mec\u00e1nico<br \/>\n-Gatillo Ajuste externo de dos etapas<\/p>\n<p>-Regulador de presi\u00f3n<br \/>\n-Tornillo de regulaci\u00f3n de velocidad externo (por resorte de martillo)<br \/>\n-20MOA Riel Picatinny<br \/>\n-1\/2 \u201cRosca UNF para moderador (opcional)<\/li>\n<\/ul>\n","protected":false},"excerpt":{"rendered":"<p>La ligera y c\u00f3moda carabina de aire comprimido CAIMAN X tiene un dise\u00f1o extraordinario. La culata de madera tiene una empu\u00f1adura ergon\u00f3mica y ambidiestra, cantonera ajustable en altura y un ra\u00edl UIT (para montaje de accesorios). La palanca lateral de f\u00e1cil cierre est\u00e1 c\u00f3modamente situada cerca del gatillo con posibilidad de cambiar el lado derecho-izquierdo. [&hellip;]<\/p>\n","protected":false},"featured_media":6276,"template":"","meta":{"_et_pb_use_builder":"","_et_pb_old_content":"","_et_gb_content_width":""},"product_cat":[246],"product_tag":[738,737,192,292],"class_list":{"0":"post-6275","1":"product","2":"type-product","3":"status-publish","4":"has-post-thumbnail","6":"product_cat-rifles-pcp","7":"product_tag-airmaks","8":"product_tag-caiman","9":"product_tag-caza","10":"product_tag-pcp","12":"first","13":"instock","14":"sale","15":"shipping-taxable","16":"purchasable","17":"product-type-simple"},"_links":{"self":[{"href":"https:\/\/www.militarychile.cl\/index.php?rest_route=\/wp\/v2\/product\/6275"}],"collection":[{"href":"https:\/\/www.militarychile.cl\/index.php?rest_route=\/wp\/v2\/product"}],"about":[{"href":"https:\/\/www.militarychile.cl\/index.php?rest_route=\/wp\/v2\/types\/product"}],"wp:featuredmedia":[{"embeddable":true,"href":"https:\/\/www.militarychile.cl\/index.php?rest_route=\/wp\/v2\/media\/6276"}],"wp:attachment":[{"href":"https:\/\/www.militarychile.cl\/index.php?rest_route=%2Fwp%2Fv2%2Fmedia&parent=6275"}],"wp:term":[{"taxonomy":"product_cat","embeddable":true,"href":"https:\/\/www.militarychile.cl\/index.php?rest_route=%2Fwp%2Fv2%2Fproduct_cat&post=6275"},{"taxonomy":"product_tag","embeddable":true,"href":"https:\/\/www.militarychile.cl\/index.php?rest_route=%2Fwp%2Fv2%2Fproduct_tag&post=6275"}],"curies":[{"name":"wp","href":"https:\/\/api.w.org\/{rel}","templated":true}]}}