{"id":7551,"date":"2023-07-17T16:27:51","date_gmt":"2023-07-17T20:27:51","guid":{"rendered":"https:\/\/www.militarychile.cl\/?post_type=product&#038;p=7551"},"modified":"2025-07-28T11:22:43","modified_gmt":"2025-07-28T15:22:43","slug":"softshell-reykjavik","status":"publish","type":"product","link":"https:\/\/www.militarychile.cl\/?product=softshell-reykjavik","title":{"rendered":"SOFTSHELL MUJER REYKJAVIK"},"content":{"rendered":"<p>Reikjavik de la l\u00ednea Maple, Black Bear ha querido fusionar su experiencia en ropa t\u00e9cnica con un estilizado dise\u00f1o para dar origen a una chaqueta de primer nivel.<\/p>\n<p>Confeccionada con Softshell y micropolar 200gr antipillin. Reikjavik es una chaqueta impermeable, agradable al tacto que se adapta bien al cuerpo para proporcionar abrigo sin perder comodidad ni estilo.<\/p>\n<p>Su deportivo y femenino dise\u00f1o, la atenci\u00f3n en detalles y su confecci\u00f3n en base a materiales de gran calidad, la convierten en la prenda ideal para cualquier actividad al aire libre.<\/p>\n","protected":false},"excerpt":{"rendered":"<p>Reikjavik de la l\u00ednea Maple, Black Bear ha querido fusionar su experiencia en ropa t\u00e9cnica con un estilizado dise\u00f1o para dar origen a una chaqueta de primer nivel. Confeccionada con Softshell y micropolar 200gr antipillin. Reikjavik es una chaqueta impermeable, agradable al tacto que se adapta bien al cuerpo para proporcionar abrigo sin perder comodidad [&hellip;]<\/p>\n","protected":false},"featured_media":7560,"template":"","meta":{"_et_pb_use_builder":"","_et_pb_old_content":"","_et_gb_content_width":""},"product_cat":[176,24,125,841,46],"product_tag":[846,845,844,178,843],"class_list":{"0":"post-7551","1":"product","2":"type-product","3":"status-publish","4":"has-post-thumbnail","6":"product_cat-chaquetas","7":"product_cat-equipamiento","8":"product_cat-mujer","9":"product_cat-ropa-outdoor","10":"product_cat-vestimenta","11":"product_tag-chaqueta-mujer","12":"product_tag-ropa-mujer","13":"product_tag-segunda-capa","14":"product_tag-softshell","15":"product_tag-softshell-mujer","17":"first","18":"outofstock","19":"sale","20":"shipping-taxable","21":"purchasable","22":"product-type-variable","23":"has-default-attributes"},"_links":{"self":[{"href":"https:\/\/www.militarychile.cl\/index.php?rest_route=\/wp\/v2\/product\/7551"}],"collection":[{"href":"https:\/\/www.militarychile.cl\/index.php?rest_route=\/wp\/v2\/product"}],"about":[{"href":"https:\/\/www.militarychile.cl\/index.php?rest_route=\/wp\/v2\/types\/product"}],"wp:featuredmedia":[{"embeddable":true,"href":"https:\/\/www.militarychile.cl\/index.php?rest_route=\/wp\/v2\/media\/7560"}],"wp:attachment":[{"href":"https:\/\/www.militarychile.cl\/index.php?rest_route=%2Fwp%2Fv2%2Fmedia&parent=7551"}],"wp:term":[{"taxonomy":"product_cat","embeddable":true,"href":"https:\/\/www.militarychile.cl\/index.php?rest_route=%2Fwp%2Fv2%2Fproduct_cat&post=7551"},{"taxonomy":"product_tag","embeddable":true,"href":"https:\/\/www.militarychile.cl\/index.php?rest_route=%2Fwp%2Fv2%2Fproduct_tag&post=7551"}],"curies":[{"name":"wp","href":"https:\/\/api.w.org\/{rel}","templated":true}]}}