{"id":9071,"date":"2023-09-06T10:35:14","date_gmt":"2023-09-06T13:35:14","guid":{"rendered":"https:\/\/www.militarychile.cl\/?post_type=product&#038;p=9071"},"modified":"2025-12-23T17:11:22","modified_gmt":"2025-12-23T20:11:22","slug":"cinturon-verde-grizzly-tallas","status":"publish","type":"product","link":"https:\/\/www.militarychile.cl\/?product=cinturon-verde-grizzly-tallas","title":{"rendered":"CINTURON VERDE GRIZZLY"},"content":{"rendered":"<p>&#8211; Cintur\u00f3n R\u00edgido dise\u00f1ado para el porte de armas<\/p>\n<p>&#8211; Velcro de alta resistencia<\/p>\n<p>&#8211; Hebilla tipo cobra<\/p>\n<p>&#8211; Ajustable 10cm entre tallas<\/p>\n<p>&#8211; Alma de polimero para mayor resistencia y firmesa<\/p>\n<p>&#8211; Interior de Velcro para complementar con Inner Belt de Grizzly<\/p>\n<p>&#8211; TALLAS:<\/p>\n<p>\u00b7S= 75 a 85 cm<\/p>\n<p>\u00b7M= 85 a 95cm<\/p>\n<p>\u00b7L= 95 a 105cm<\/p>\n<p>\u00b7XL= 105 a 115cm<\/p>\n<p>\u00b7XXL= 114 a 130cm<\/p>\n","protected":false},"excerpt":{"rendered":"<p>&#8211; Cintur\u00f3n R\u00edgido dise\u00f1ado para el porte de armas &#8211; Velcro de alta resistencia &#8211; Hebilla tipo cobra &#8211; Ajustable 10cm entre tallas &#8211; Alma de polimero para mayor resistencia y firmesa &#8211; Interior de Velcro para complementar con Inner Belt de Grizzly &#8211; TALLAS: \u00b7S= 75 a 85 cm \u00b7M= 85 a 95cm \u00b7L= [&hellip;]<\/p>\n","protected":false},"featured_media":9075,"template":"","meta":{"_et_pb_use_builder":"","_et_pb_old_content":"","_et_gb_content_width":""},"product_cat":[16,241,20,34],"product_tag":[],"class_list":{"0":"post-9071","1":"product","2":"type-product","3":"status-publish","4":"has-post-thumbnail","6":"product_cat-sin-categorizar","7":"product_cat-accesoriosotros","8":"product_cat-airsoft-y-fa","9":"product_cat-cytac","11":"first","12":"instock","13":"shipping-taxable","14":"purchasable","15":"product-type-variable"},"_links":{"self":[{"href":"https:\/\/www.militarychile.cl\/index.php?rest_route=\/wp\/v2\/product\/9071"}],"collection":[{"href":"https:\/\/www.militarychile.cl\/index.php?rest_route=\/wp\/v2\/product"}],"about":[{"href":"https:\/\/www.militarychile.cl\/index.php?rest_route=\/wp\/v2\/types\/product"}],"wp:featuredmedia":[{"embeddable":true,"href":"https:\/\/www.militarychile.cl\/index.php?rest_route=\/wp\/v2\/media\/9075"}],"wp:attachment":[{"href":"https:\/\/www.militarychile.cl\/index.php?rest_route=%2Fwp%2Fv2%2Fmedia&parent=9071"}],"wp:term":[{"taxonomy":"product_cat","embeddable":true,"href":"https:\/\/www.militarychile.cl\/index.php?rest_route=%2Fwp%2Fv2%2Fproduct_cat&post=9071"},{"taxonomy":"product_tag","embeddable":true,"href":"https:\/\/www.militarychile.cl\/index.php?rest_route=%2Fwp%2Fv2%2Fproduct_tag&post=9071"}],"curies":[{"name":"wp","href":"https:\/\/api.w.org\/{rel}","templated":true}]}}