{"id":9128,"date":"2023-09-11T13:47:08","date_gmt":"2023-09-11T16:47:08","guid":{"rendered":"https:\/\/www.militarychile.cl\/?post_type=product&#038;p=9128"},"modified":"2026-02-09T16:00:02","modified_gmt":"2026-02-09T19:00:02","slug":"hart-toro-210-ul-fuji","status":"publish","type":"product","link":"https:\/\/www.militarychile.cl\/?product=hart-toro-210-ul-fuji","title":{"rendered":"HART TORO 210 UL FUJI"},"content":{"rendered":"<p>Ca\u00f1as de acci\u00f3n ultra ligeras con puntero injertado, que nos transmite los m\u00e1s leves toques que pueda tener nuestro se\u00f1uelo. Pensadas para pescas en finesse. Montadas con anillas Fuji \u00abO\u00bb y porta carretes tipo VSS.<\/p>\n<ul>\n<li>210M<\/li>\n<li>ACCION UL<\/li>\n<li>5 &#8211; 12G<\/li>\n<\/ul>\n","protected":false},"excerpt":{"rendered":"<p>Ca\u00f1as de acci\u00f3n ultra ligeras con puntero injertado, que nos transmite los m\u00e1s leves toques que pueda tener nuestro se\u00f1uelo. Pensadas para pescas en finesse. Montadas con anillas Fuji \u00abO\u00bb y porta carretes tipo VSS. 210M ACCION UL 5 &#8211; 12G<\/p>\n","protected":false},"featured_media":9130,"template":"","meta":{"_et_pb_use_builder":"","_et_pb_old_content":"","_et_gb_content_width":""},"product_cat":[1020],"product_tag":[1021,658,193,702,1022],"class_list":{"0":"post-9128","1":"product","2":"type-product","3":"status-publish","4":"has-post-thumbnail","6":"product_cat-canas-ul-y-l","7":"product_tag-cana-ul","8":"product_tag-hart","9":"product_tag-pesca","10":"product_tag-ul","11":"product_tag-uul","13":"first","14":"instock","15":"sale","16":"shipping-taxable","17":"purchasable","18":"product-type-simple"},"_links":{"self":[{"href":"https:\/\/www.militarychile.cl\/index.php?rest_route=\/wp\/v2\/product\/9128"}],"collection":[{"href":"https:\/\/www.militarychile.cl\/index.php?rest_route=\/wp\/v2\/product"}],"about":[{"href":"https:\/\/www.militarychile.cl\/index.php?rest_route=\/wp\/v2\/types\/product"}],"wp:featuredmedia":[{"embeddable":true,"href":"https:\/\/www.militarychile.cl\/index.php?rest_route=\/wp\/v2\/media\/9130"}],"wp:attachment":[{"href":"https:\/\/www.militarychile.cl\/index.php?rest_route=%2Fwp%2Fv2%2Fmedia&parent=9128"}],"wp:term":[{"taxonomy":"product_cat","embeddable":true,"href":"https:\/\/www.militarychile.cl\/index.php?rest_route=%2Fwp%2Fv2%2Fproduct_cat&post=9128"},{"taxonomy":"product_tag","embeddable":true,"href":"https:\/\/www.militarychile.cl\/index.php?rest_route=%2Fwp%2Fv2%2Fproduct_tag&post=9128"}],"curies":[{"name":"wp","href":"https:\/\/api.w.org\/{rel}","templated":true}]}}