{"id":9445,"date":"2023-10-17T10:55:17","date_gmt":"2023-10-17T13:55:17","guid":{"rendered":"https:\/\/www.militarychile.cl\/?post_type=product&#038;p=9445"},"modified":"2023-10-17T10:55:18","modified_gmt":"2023-10-17T13:55:18","slug":"carpa-hooligan-4-personas-coleman","status":"publish","type":"product","link":"https:\/\/www.militarychile.cl\/?product=carpa-hooligan-4-personas-coleman","title":{"rendered":"CARPA HOOLIGAN 4 PERSONAS COLEMAN"},"content":{"rendered":"<h2>CARPA COLEMAN HOOLIGAN 4P<\/h2>\n<p>Carpa Coleman con estructura tipo domo de dos varillas, cuenta con capacidad para 4 personas en una habitaci\u00f3n. Es f\u00e1cil de transportar y de armar y est\u00e1 equipada con el exclusivo Sistema WeatherTec\u2122, que te mantiene seco &#8211; Garantizado\u2122.<\/p>\n<p><b>INFORMACI\u00d3N ADICIONAL:<\/b><br \/>\n&#8211; Tiene 1 puerta<br \/>\n&#8211; Control de flujo de aire con Variflo\u2122, ventilaci\u00f3n ajustable<br \/>\n&#8211; La ventana es accesible desde el interior de la carpa<br \/>\n&#8211; La entrada del vest\u00edbulo en seco permite un c\u00f3modo acceso y flujo de aire ajustable<br \/>\n&#8211; La malla interior permite una m\u00e1xima ventilaci\u00f3n<br \/>\n&#8211; Sobretecho para lluvia completo, ofrece una excelente protecci\u00f3n en las condiciones m\u00e1s adversas<br \/>\n&#8211; F\u00e1cil de armar: posee mangas de varillas continuas y c\u00f3digos de color, cuenta con sistema de el\u00e1sticos dentro de las varillas esctructurales<br \/>\n&#8211; Material: Sobretecho de Taffeta de Poli\u00e9ster 75D e interior de la carpa de Mesh de Poli\u00e9ster 68D. Piso de Polietileno 1000D-140 g\/sqm<br \/>\n&#8211; Varillas de fibra de vidrio de 11mm<br \/>\n&#8211; Cuenta con instrucciones simples adheridas a la resistente bolsa de transporte<br \/>\n&#8211; La Bolsa de transporte tambi\u00e9n incluye bolsas separadas para las varillas y estacas.<\/p>\n","protected":false},"excerpt":{"rendered":"<p>CARPA COLEMAN HOOLIGAN 4P Carpa Coleman con estructura tipo domo de dos varillas, cuenta con capacidad para 4 personas en una habitaci\u00f3n. Es f\u00e1cil de transportar y de armar y est\u00e1 equipada con el exclusivo Sistema WeatherTec\u2122, que te mantiene seco &#8211; Garantizado\u2122. INFORMACI\u00d3N ADICIONAL: &#8211; Tiene 1 puerta &#8211; Control de flujo de aire [&hellip;]<\/p>\n","protected":false},"featured_media":9446,"template":"","meta":{"_et_pb_use_builder":"","_et_pb_old_content":"","_et_gb_content_width":""},"product_cat":[481,480],"product_tag":[],"class_list":{"0":"post-9445","1":"product","2":"type-product","3":"status-publish","4":"has-post-thumbnail","6":"product_cat-carpas","7":"product_cat-outdoor","9":"first","10":"instock","11":"sale","12":"shipping-taxable","13":"purchasable","14":"product-type-simple"},"_links":{"self":[{"href":"https:\/\/www.militarychile.cl\/index.php?rest_route=\/wp\/v2\/product\/9445"}],"collection":[{"href":"https:\/\/www.militarychile.cl\/index.php?rest_route=\/wp\/v2\/product"}],"about":[{"href":"https:\/\/www.militarychile.cl\/index.php?rest_route=\/wp\/v2\/types\/product"}],"wp:featuredmedia":[{"embeddable":true,"href":"https:\/\/www.militarychile.cl\/index.php?rest_route=\/wp\/v2\/media\/9446"}],"wp:attachment":[{"href":"https:\/\/www.militarychile.cl\/index.php?rest_route=%2Fwp%2Fv2%2Fmedia&parent=9445"}],"wp:term":[{"taxonomy":"product_cat","embeddable":true,"href":"https:\/\/www.militarychile.cl\/index.php?rest_route=%2Fwp%2Fv2%2Fproduct_cat&post=9445"},{"taxonomy":"product_tag","embeddable":true,"href":"https:\/\/www.militarychile.cl\/index.php?rest_route=%2Fwp%2Fv2%2Fproduct_tag&post=9445"}],"curies":[{"name":"wp","href":"https:\/\/api.w.org\/{rel}","templated":true}]}}